{"id":1798,"date":"2020-06-25T15:04:13","date_gmt":"2020-06-25T15:04:13","guid":{"rendered":"https:\/\/ugdymaslauke.lt\/?page_id=1798"},"modified":"2023-12-04T07:43:11","modified_gmt":"2023-12-04T07:43:11","slug":"nariai","status":"publish","type":"page","link":"https:\/\/ugdymaslauke.lt\/?page_id=1798","title":{"rendered":"Nariai"},"content":{"rendered":"\n<p class=\"has-text-align-center\"><a href=\"https:\/\/laukodarzelis.lt\/\" target=\"_blank\" rel=\"noreferrer noopener\">V\u0161\u012e Lauko dar\u017eelis<\/a> (Vilnius)<\/p>\n\n\n\n<p class=\"has-text-align-center\"><a rel=\"noreferrer noopener\" href=\"http:\/\/www.kardokai.lt\/?page_id=426\" target=\"_blank\">V\u0161\u012e Kardok\u0173 Gamtos mokykla<\/a> (Kardokai)<\/p>\n\n\n\n<p class=\"has-text-align-center\"><a rel=\"noreferrer noopener\" href=\"https:\/\/www.facebook.com\/prinokeobuoliukai\/\" target=\"_blank\">V\u0161\u012e &#8220;Mano ir tavo\u201c<\/a> (Utena)<\/p>\n\n\n\n<p class=\"has-text-align-center\"><a rel=\"noreferrer noopener\" href=\"http:\/\/misko-darzelis.lt\/#!top\" target=\"_blank\">V\u0161\u012e \u201eLaiming\u0173 vaik\u0173 pilis\u201c<\/a> (Klaip\u0117da)<\/p>\n\n\n\n<p class=\"has-text-align-center\"><a href=\"https:\/\/www.patirciuslenis.lt\/\" target=\"_blank\" rel=\"noreferrer noopener\">V\u0161\u012e Mokymosi namai Patir\u010di\u0173 sl\u0117nis<\/a> (Trakai)<\/p>\n\n\n\n<p class=\"has-text-align-center\"><a rel=\"noreferrer noopener\" href=\"http:\/\/gamtosdarzelis.lt\/\" target=\"_blank\">V\u0161\u012e T\u0117vyst\u0117s centras ir gamtos dar\u017eelis ,,Po smilgom\u201c<\/a> (Vilnius)<\/p>\n\n\n\n<p class=\"has-text-align-center\"><a href=\"https:\/\/www.facebook.com\/TvdDebesuvaikai\/\">V\u0161\u012e Taurag\u0117s vaik\u0173 dar\u017eelis \u201eDebes\u0173 vaikai\u201c<\/a> (Taurag\u0117)<\/p>\n\n\n\n<p class=\"has-text-align-center\"><a href=\"https:\/\/www.facebook.com\/ugdymolaukeklubas\/\">V\u0161\u012e \u0160v. Pranci\u0161kaus pauk\u0161teliai<\/a> (Klaip\u0117da)<\/p>\n\n\n\n<p class=\"has-text-align-center\"><a href=\"https:\/\/zaliojigamtosmokykla.lt\/\">V\u0161\u012e \u201e\u017dalioji gamtos mokykla\u201c<\/a> (Kaunas)<\/p>\n\n\n\n<p class=\"has-text-align-center\"><a href=\"https:\/\/sviesuslenis.lt\/\">V\u0161\u012e \u201eStipri \u0161eima\u201c<\/a> (Mol\u0117tai)<\/p>\n","protected":false},"excerpt":{"rendered":"<p>V\u0161\u012e Lauko dar\u017eelis (Vilnius) V\u0161\u012e Kardok\u0173 Gamtos mokykla (Kardokai) V\u0161\u012e &#8220;Mano ir tavo\u201c (Utena) V\u0161\u012e \u201eLaiming\u0173 vaik\u0173 pilis\u201c (Klaip\u0117da) V\u0161\u012e Mokymosi namai Patir\u010di\u0173 sl\u0117nis (Trakai) V\u0161\u012e T\u0117vyst\u0117s centras ir gamtos dar\u017eelis ,,Po smilgom\u201c (Vilnius) V\u0161\u012e Taurag\u0117s vaik\u0173 dar\u017eelis \u201eDebes\u0173 vaikai\u201c (Taurag\u0117) V\u0161\u012e \u0160v. Pranci\u0161kaus pauk\u0161teliai (Klaip\u0117da) V\u0161\u012e \u201e\u017dalioji gamtos mokykla\u201c (Kaunas) V\u0161\u012e \u201eStipri \u0161eima\u201c (Mol\u0117tai)<\/p>\n","protected":false},"author":1,"featured_media":0,"parent":0,"menu_order":0,"comment_status":"closed","ping_status":"closed","template":"","meta":{"jetpack_post_was_ever_published":false,"footnotes":""},"jetpack_sharing_enabled":true,"jetpack_shortlink":"https:\/\/wp.me\/P71AQ4-t0","jetpack-related-posts":[],"jetpack_likes_enabled":true,"_links":{"self":[{"href":"https:\/\/ugdymaslauke.lt\/index.php?rest_route=\/wp\/v2\/pages\/1798"}],"collection":[{"href":"https:\/\/ugdymaslauke.lt\/index.php?rest_route=\/wp\/v2\/pages"}],"about":[{"href":"https:\/\/ugdymaslauke.lt\/index.php?rest_route=\/wp\/v2\/types\/page"}],"author":[{"embeddable":true,"href":"https:\/\/ugdymaslauke.lt\/index.php?rest_route=\/wp\/v2\/users\/1"}],"replies":[{"embeddable":true,"href":"https:\/\/ugdymaslauke.lt\/index.php?rest_route=%2Fwp%2Fv2%2Fcomments&post=1798"}],"version-history":[{"count":9,"href":"https:\/\/ugdymaslauke.lt\/index.php?rest_route=\/wp\/v2\/pages\/1798\/revisions"}],"predecessor-version":[{"id":1866,"href":"https:\/\/ugdymaslauke.lt\/index.php?rest_route=\/wp\/v2\/pages\/1798\/revisions\/1866"}],"wp:attachment":[{"href":"https:\/\/ugdymaslauke.lt\/index.php?rest_route=%2Fwp%2Fv2%2Fmedia&parent=1798"}],"curies":[{"name":"wp","href":"https:\/\/api.w.org\/{rel}","templated":true}]}}